3. Let n = z - j. List the prime factors of n.
2, 3
Let u = 71 - -467. List the prime factors of u.
2, 269
Suppose -75*t = -70*t - 30. List the prime factors of t/(-27) + 4 + (-1804)/(-18).
2, 13
Let a(j) = -4*j - 27. Let l(b) = 4*b + 27. Let x(g) = -2*a(g) - 3*l(g). List the prime factors of x(-10).
13
Suppose 187*i = 189*i - 1660. List the prime factors of i.
2, 5, 83
Suppose 1 = 4*a - 3*u - 3, -4*a = u - 20. Suppose 0 = 2*y - a*y + 16. What are the prime factors of y/(-16)*-13*2?
13
Suppose 5*h - 45 = -15. Let c be (-14)/21*h/4. List the prime factors of 8 + (0 - 4 - c).
5
Let q be 29*(1 + 0 + 0). Suppose q = s - p, -p + 20 = 2*s - 41. What are the prime factors of s?
2, 3, 5
Let b(d) = -13*d + 81. List the prime factors of b(-17).
2, 151
Let p = 70 + -25. Suppose 0 = 4*g - 8, -5*g = -3*z + p + 17. List the prime factors of z.
2, 3
Let j(r) = 209*r**2 + 7*r - 10. List the prime factors of j(2).
2, 3, 5, 7
Let c be (5 - 3)*-6 + 1. Let k = c + 10. List the prime factors of (k - (-34)/(-14))*-7.
2, 3
Suppose -420 = -12*a - 2*a. What are the prime factors of a?
2, 3, 5
Suppose 635 = 5*z + 2*u, -2*z - 268 = -4*z + 2*u. Suppose -j + 203 = 2*w, 2*w - 894 = -5*j + z. What are the prime factors of j?
5, 41
Let z = 772 + -412. Let b = -240 + z. List the prime factors of b.
2, 3, 5
Suppose -27*v - 17*v = -27456. List the prime factors of v.
2, 3, 13
Let a(g) = -g**2 - 4*g - 2. Let f be a(-2). Suppose f*p - 118 = 196. List the prime factors of p.
157
Let u = 88 + -55. Let y = u + -6. List the prime factors of y.
3
Let m(n) = n**3 - 9*n**2 - 10*n + 3. Let g be m(10). Suppose -28 = -u - g*u. What are the prime factors of 30*(-3 + u/2)?
3, 5
Let f = 982 - 873. What are the prime factors of f?
109
Let d(a) = 16*a**2 + 25*a + 74. List the prime factors of d(-10).
2, 89
Let p(m) = -13*m + 4. Let q be p(11). Let r = 295 + q. List the prime factors of r.
2, 3, 13
Suppose 246*d - 243*d - 228 = 0. What are the prime factors of d?
2, 19
Suppose -4*l = -v + 197 + 225, 2*l - 834 = -2*v. What are the prime factors of v?
2, 11, 19
Let n(m) = -13 + 2*m**2 + 3 + 8*m + 17. Let o be n(-5). Let g = 2 + o. List the prime factors of g.
19
Let m(l) = -9*l + 2 + 3 - 3 - 4. Let u be m(-2). Suppose u = 2*y - 10. What are the prime factors of y?
13
Suppose 0*m + m - 1 = 0. Let h = -4 - 8. Let s = m - h. What are the prime factors of s?
13
Suppose -g + 3188 = 5*k, 39*k = 43*k + 2*g - 2554. List the prime factors of k.
7, 13
Let k = 12 + 3. What are the prime factors of 6/10 + 771/k?
2, 13
Suppose -2*l = t + 16, -t - 26 = 4*l - 0*l. Let w be 5 + (0 - -3) + t. List the prime factors of -1*(-6)/4*w.
3
Suppose 0 = 5*g - 2*g + 12. Let n be (-371)/(-119) - g/(-34). Suppose -u - 2*x - 14 = -3*u, -n*u - x + 17 = 0. List the prime factors of u.
2, 3
Suppose -72 = -85*o + 87*o. Let l = o + 89. List the prime factors of l.
53
Let h be ((-308)/5)/(-1) + (-18)/30. Suppose 4*f - 41 = 2*s + h, -s = -4*f + 97. What are the prime factors of f?
23
Suppose -3*g + 780 + 645 = 0. Let u = -337 + g. List the prime factors of u.
2, 3, 23
Suppose 2*h = 3*y - 3*h - 281, -3*y - 3*h + 297 = 0. Suppose 3*o + y = -35. Let d = -29 - o. List the prime factors of d.
3, 5
Let a = 1087 - 654. What are the prime factors of a?
433
Suppose 20 = -2*d + 5*m, -2*d - 3*m + 12 = -0*d. Suppose 4 = -d*f - f, 3*s - 71 = 5*f. Let b(y) = -y**2 + 20*y + 15. List the prime factors of b(s).
2, 3, 11
Let c(h) = -h**3 + 9*h**2 - 8*h - 1. Let z be c(8). Let n be z/(-2)*30/5. Suppose 4*f = n*f + 19. List the prime factors of f.
19
Let z = -14 - -10. Let w = 36 + z. What are the prime factors of 3 + -6 + 2 + w?
31
Suppose 3*u - 689 - 1370 = -4*i, 0 = -4*u + 4*i + 2764. What are the prime factors of u?
13, 53
Let o(m) = m**3 - 5*m**2 + m - 1. Let v be o(5). Let t(i) = -13 - 17 + 22 + 3*i**2 - 4*i. What are the prime factors of t(v)?
2, 3
Let y(o) = -o**2. Let q(p) = 6*p**2 + 8*p + 12. Let g(s) = -q(s) - 5*y(s). Let z be g(-6). Suppose -h + 4*h - 69 = z. What are the prime factors of h?
23
List the prime factors of (-2 - (-356)/(-3))*(40 + -46).
2, 181
What are the prime factors of ((-22)/6)/(-21 + (-4220)/(-201))?
11, 67
Let p = -8 + 16. Let t(n) = 2*n**2 + 23*n + 69. Let i be t(-13). Suppose 12*c - p*c - i = 0. List the prime factors of c.
3
Let x(r) = -53 + 0*r - 10*r + 89 - 6*r. What are the prime factors of x(-6)?
2, 3, 11
Let f(o) = -5*o - 13*o + 2*o + 5. Let x be f(3). Let v = -22 - x. List the prime factors of v.
3, 7
Let g be (-8)/(-28) - (-222)/7. Suppose g = k - 3*k. Let x = k - -18. List the prime factors of x.
2
Suppose j = 2*r - 46 + 68, -3*j + 3*r = -51. List the prime factors of j.
2, 3
Suppose q - 28 = 4*w - 3*q, -5*w + 1 = 4*q. Let t be 2 + (4 - 19)*w. Let x = 76 - t. List the prime factors of x.
29
Suppose -2*v + 3*q = 2*q - 5, -v + 3*q + 5 = 0. Suppose 1 = 2*o + 3*l, -42 = -2*o - v*o + 2*l. List the prime factors of o.
2
Let m(z) be the first derivative of -z**3/3 + 9*z**2 + 10*z - 5. Let s be m(10). Suppose -v + 94 = 3*w, 3*w - 7 - s = -4*v. What are the prime factors of w?
31
Let q = 128 - 73. Let s = -30 + q. List the prime factors of s.
5
Suppose 0 = 2*g + 5*p + 4, 2*g - p + 2 = -2. Let v be (g/(-2))/1*7. Let k(o) = 6*o - 9. List the prime factors of k(v).
3, 11
Let n be (1 - 0)/((-3)/(-9)). Suppose 4*v = -4*o + 8, 0 = n*o - 2*o - v - 10. Suppose 7*j - 4*j = 3*b - 6, o = 3*b - 4*j. List the prime factors of b.
2
Let l(i) be the first derivative of -i**5/40 + i**4/6 - 5*i**3/3 - 7. Let m(f) be the third derivative of l(f). List the prime factors of m(-8).
2, 7
Let a(n) = n**3 - 11*n**2 + 13*n - 25. Let o be a(10). Suppose 5*z + 4*t - 4 = 5, 5 = o*t. What are the prime factors of -75*(20/(-12) + z)?
2, 5
Let y = -7 - -5. Let z(m) = -37*m - 9. List the prime factors of z(y).
5, 13
Suppose -5*s = 3*f + 37, -2*s - 13 = -3*f + 3*s. Let c(x) = -10*x + 4. List the prime factors of c(f).
2, 11
Let l = -174 - -176. Let n = 9 + -5. Suppose -l*y + 36 - n = 0. What are the prime factors of y?
2
Suppose 0 = 5*k + 3*m - 8056, 7*m = 2*m + 10. What are the prime factors of k?
2, 5, 7, 23
Let d(u) be the third derivative of -u**6/20 - u**5/60 - 15*u**2. Let k(y) = y**3 - 7*y**2 + y - 9. Let n be k(7). List the prime factors of d(n).
2, 11
Let j(d) = 24*d**2 + 13*d + 1. List the prime factors of j(-3).
2, 89
Suppose -8*h + 60804 = 19*h. What are the prime factors of h?
2, 563
Let z be -2 + 5 - (3 - 0). Let c(p) be the second derivative of p**5/20 - p**3/6 + 19*p**2/2 + 23*p. List the prime factors of c(z).
19
Let z(u) = u**3 - 12*u**2 + 12*u + 8. Let n(s) = -s**3 - 5*s**2 - 9*s - 5. Let o be n(-4). Suppose o = 2*i - 7. What are the prime factors of z(i)?
19
Suppose 0 = -s - 3, 2*s - 108 = -3*w - 0*s. Suppose 4*j = -r - 11, -2*r + 3*j = 2*r + 63. Let d = w + r. What are the prime factors of d?
23
Let x(z) = -z**2 - 5*z + 1. Let p(s) = -s**3 + 5*s - 2. Let w(h) = 4*p(h) + 5*x(h). What are the prime factors of w(-3)?
3, 5
Let k be (-120)/(-140)*14/4. Suppose -k*j - 5 = -2*y - 1, 0 = y - 4*j - 2. What are the prime factors of y?
2
Let g(c) = c + 1. Let z(u) = -2*u - 20. Let a(j) = -3*g(j) - z(j). Let q be a(9). Suppose -4*m - 2*l + 154 = -q, 5*m - 207 = 2*l. List the prime factors of m.
41
Let l be (-2 - (-8 - 0)) + -4. Suppose -8 = -l*b - 0*b. Suppose 17 = -b*x + 3*o + 123, -19 = -x - 3*o. What are the prime factors of x?
5
Suppose 4 = 2*r - 4. Suppose -3*s = 3*i - 228, -r*i + 304 = -0*s + 2*s. List the prime factors of i.
2, 19
Let c = 13 + -3. Suppose 2*l + 4 + c = 0. List the prime factors of 20 + l + (-1)/(-1).
2, 7
Let a be (3 + -6 - 1) + 3. Let w be 1/a*(-9 - -4). Suppose -b = 1, -w*u + 3*b - 7 = -40. List the prime factors of u.
2, 3
Let l(r) = 2*r**2 - 4. Suppose -q - 15 = 4*q. Let i be l(q). Let u = 17 + i. What are the prime factors of u?
31
Let l = -5 - -5. Suppose 21 = 3*n - l. Let g = n - -15. List the prime factors of g.
2, 11
Let x(a) = -30*a - 59. What are the prime factors of x(-11)?
271
Let i(b) be the first derivative of b**3/3 + 3*b + 9. What are the prime factors of i(6)?
3, 13
Let l be (-27)/18 - (-57)/2. Suppose -j - 1 - l = 0. Let p = -12 - j. List the prime factors of p.
2
Suppose 7*f - 4*f + 144 = 0. Let k = -4 - f. What are the prime factors of k?
2, 11
Suppose 2*i = -5*d - 3*i + 6435, -6465 = -5*d + 5*